{"id":327,"date":"2018-03-25T11:30:17","date_gmt":"2018-03-25T11:30:17","guid":{"rendered":"https:\/\/belegungsplan.com\/plus\/?page_id=327"},"modified":"2018-08-12T16:49:06","modified_gmt":"2018-08-12T16:49:06","slug":"faq-support","status":"publish","type":"page","link":"https:\/\/belegungsplan.com\/plus\/175-2\/faq-support\/","title":{"rendered":"FAQ, Tipps &#038; Support"},"content":{"rendered":"<p><a name=\"1\"><\/a><b>1) Ich m\u00f6chte noch eine Kategorie &#8222;nicht verf\u00fcgbar&#8220; oder &#8222;provisorisch belegt&#8220; haben. Geht das?<\/b><\/p>\n<p>Ja, dies ist m\u00f6glich: Geben Sie anstelle eines Kommentars in Ihren Reservationsdaten &#8222;&#8212;&#8220; (3 x &#8222;minus&#8220;) ein.<\/p>\n<p>Beispiel:<\/p>\n<p>&#8230;<br \/>\n14.12.2002,31.12.2002, Familie M\u00fcller<br \/>\n8.5.2004, 17.5.2004, &#8212;<br \/>\n&#8230;<\/p>\n<p>In diesem Fall ist das Objekt vom 8.5.2004 bis am 17.5.2002 nicht verf\u00fcgbar und erscheint im Kalender weder <span class=\"frei\">gr\u00fcn <\/span>noch <span class=\"belegt\">rot<\/span> sondern so: <span class=\"nicht_verf_weekend\">\u00a0\u00a0\u00a0\u00a0\u00a0\u00a0\u00a0<\/span><\/p>\n<p>Hat es einen solchen Termin im angezeigten Kalender, wird auch die Legende am Ende automatisch erg\u00e4nzt.<\/p>\n<p>Generell ist unsere Idee jedoch die Kundenorientierung: Entweder ist das Datum frei (=gr\u00fcn) und damit f\u00fcr den Kunden verf\u00fcgbar oder der Termin ist belegt (=rot).<\/p>\n<p>Eine Kategorie &#8222;nicht verf\u00fcgbar&#8220; (z.B. wenn das Haus nicht vermietet wird) kann also auch als &#8222;belegt&#8220; markiert werden. F\u00fcr den Kunden macht es keinen Unterschied ob &#8222;belegt&#8220; oder &#8222;nicht verf\u00fcgbar&#8220;- er kann das Objekt dann nicht mieten. Entsprechende \u00dcberlegungen gelten auch f\u00fcr &#8222;Provisorisch belegt&#8220;.<\/p>\n<p>Unsere Empfehlung: Wenn Sie m\u00f6chten, dass der Kunde Sie f\u00fcr ein Datum kontaktieren soll, lassen Sie den Termin frei. Wenn er Sie nicht kontaktieren soll, markieren Sie das Datum als &#8222;belegt&#8220;. Aber wie oben beschrieben, k\u00f6nnen Sie auch eine dritte Farbe benutzen.<\/p>\n<p>M\u00f6chten Sie den gelben Legendentext (&#8222;Nicht verf\u00fcgbar&#8220;) durch einen eigenen Text ersetzen, so f\u00fcgen Sie ihrem Kalenderlink folgendes an: <b>&#8230; &amp;status2=provisorisch belegt<\/b><\/p>\n<p>Beispiel: <a href=\"https:\/\/www.belegungsplan.com\/?id=2&amp;status2=provisorisch%20belegt\">https:\/\/www.belegungsplan.com\/?id=2<span style=\"color: #009900;\">&amp;status2=provisorisch belegt<\/span><\/a><\/p>\n<hr noshade=\"noshade\" size=\"1\" \/>\n<p><a name=\"2\"><\/a><b>2) Ich habe auf meiner Seite schon einen eigenen Belegungsplan, den ich mit meinem Webseiten-Programm nachf\u00fchre. Was n\u00fctzt mir der Belegungsplan von www.belegungsplan.com?<\/b><\/p>\n<p>Es gibt mehrere Vorteile:<\/p>\n<ul>\n<li>Das Aktualisieren des Kalenders ben\u00f6tigt keine speziellen Programm oder HTML-Kenntnisse. Man muss nur den Browser bedienen k\u00f6nnen.<\/li>\n<li>Unseren Belegungsplan k\u00f6nnen Sie von jedem Computer mit Internetzugang aus aktualisieren (Gesch\u00e4ft, Internet-Cafe, &#8230;). Ihre Webseite werden Sie vermutlich nur von Ihrem PC aus aktualisieren k\u00f6nnen, weil Sie dort das Programm installiert und die Dateien haben.<\/li>\n<li>Wenn Sie die Zugangsdaten einer anderen Person mitteilen, k\u00f6nnen auch andere Personen den Belegungsplan aktualisieren.<\/li>\n<li>Die Daten werden \u00fcberpr\u00fcft, so dass \u00dcberschneidungen und Mehrfachbuchungen erkannt werden sollen.<\/li>\n<li>Sie haben automatisch verschiedene Kalenderansichten zur Verf\u00fcgung (Jahres- und Monats\u00fcbersicht)<\/li>\n<li>Der Belegungsplan berechnet automatisch die Wochentage, Schaltjahre, Wochenenden. Sie m\u00fcssen diese nicht aus einem Kalender herauslesen und in Ihren selbergemachten Kalender \u00fcbertragen.<\/li>\n<li>In der Jahres\u00fcbersicht werden automatisch auch Ostern und Pfingsten als Orientierungshilfe f\u00fcr die Besucher angezeigt.<\/li>\n<li>Beim Aufruf unseres Belegungsplanes wird immer automatisch das aktuelle Datum angezeigt: Bei der Jahres\u00fcbersicht das aktuelle Jahr, bei der Monats\u00fcbersicht der aktuelle Monat.<br \/>\nDer Benutzer muss nicht zum aktuellen Plan bl\u00e4ttern oder diesen suchen.<\/li>\n<li>Sie k\u00f6nnen Belegungsdaten bereits f\u00fcr Folgejahre eintragen.<\/li>\n<li>Sie erhalten einen Z\u00e4hler, der Ihnen anzeigt wie oft Ihr Belegungsplan abgerufen wird.<\/li>\n<\/ul>\n<hr noshade=\"noshade\" size=\"1\" \/>\n<p><a name=\"3\"><\/a><b>3) Warum erscheint beim Erfassen von Reservationen ein Hinweis, wenn noch Daten vom Vorjahr vorhanden sind?<\/b><\/p>\n<p>Beim Aufruf Ihres Belegungsplanes wird dieser ausgehend von Ihren eingegebenen Daten jedesmal neu erzeugt, damit er aktuell ist. Damit diese Zeit klein gehalten wird, sollen Belegungen aus dem Vorjahr entfernt werden.<\/p>\n<hr noshade=\"noshade\" size=\"1\" \/>\n<p><a name=\"4\"><\/a><b>4) Gibt es keine einfachere L\u00f6sung, den Belegungsplan in meine Webseite einzubauen?<\/b><\/p>\n<p>Ja und nein: Es g\u00e4be teilweise noch andere L\u00f6sungen. Diese w\u00fcrden aber JavaScript ben\u00f6tigen. Nicht alle Browser unterst\u00fctzen JavaScript oder Benutzer k\u00f6nnen JavaScript ausgeschaltet haben, so dass es dort zu Problemen kommen kann. Wir legen grossen Wert darauf, dass die von uns vorgeschlagenen L\u00f6sungen mit m\u00f6glichst allen Browsern und Einstellungen funktionieren und verzichten deshalb auf JavaScript (und andere \u00e4hnlich problematischen Techniken).<\/p>\n<hr noshade=\"noshade\" size=\"1\" \/>\n<p><a name=\"5\"><\/a><b>5) Warum sieht der Belegungsplan so aus wie er ist?<\/b><\/p>\n<p>Es ist uns klar, das eine grafische Darstellung immer auch Geschmackssache ist. Bei der Gestaltung haben wir uns von folgenden \u00dcberlegungen leiten lassen:<\/p>\n<ul>\n<li>\u00dcbersicht auf einen Blick: Darum die Jahres\u00fcbersicht<\/li>\n<li>Eine L\u00f6sung mit wenig Platzbedarf: Darum die alternative M\u00f6glichkeit der Monats\u00fcbersicht<\/li>\n<li>Klar erkennbar, wann frei und wann belegt: Darum gr\u00fcn \/ rot<\/li>\n<li>Guter Kontrast und m\u00f6glichst neutrale Farben: Darum den Hintergrund weiss<\/li>\n<li>Gute Lesbarkeit der Schrift: Darum die Schriftart &#8222;Verdana&#8220;, welche speziell f\u00fcr Bildschirmanwendungen entworfen wurde<\/li>\n<li>Wenig Einstellm\u00f6glichkeiten, damit die Benutzung m\u00f6glichst einfach bleibt.<\/li>\n<\/ul>\n<hr noshade=\"noshade\" size=\"1\" \/>\n<p><a name=\"6\"><\/a><b>6) Wieso benutzen Sie den Begriff Objekte?<\/b><\/p>\n<p>Der Belegungsplan eignet sich zur Anzeige von Belegungsdaten (Reservationen) von jeder Art Dinge, die tageweise vermietet oder genutzt werden. Dies k\u00f6nnen sein:<\/p>\n<ul>\n<li>Ferienh\u00e4user<\/li>\n<li>Ferienwohnungen<\/li>\n<li>Wohnmobile<\/li>\n<li>Schiffe<\/li>\n<li>Fahrzeuge<\/li>\n<li>Sportpl\u00e4tze<\/li>\n<li>Musikanlagen<\/li>\n<li>Waldh\u00fctten<\/li>\n<li>..<\/li>\n<\/ul>\n<p>&#8222;<b>Objekt<\/b>&#8220; ist f\u00fcr uns ein \u00dcberbegrif f\u00fcr solche Dinge. Anstelle von Objekt k\u00f6nnen Sie also beispielsweise &#8222;Ferienhaus&#8220; oder &#8222;Waldh\u00fctte&#8220; einsetzen, je nach dem f\u00fcr was Sie den Belegungsplan nutzen.<\/p>\n<hr noshade=\"noshade\" size=\"1\" \/>\n<p><a name=\"7\"><\/a><b>7) Warum kann man bei Ihnen die Belegungsdaten als Text eingeben?<\/b><\/p>\n<p>Wir wollten eine L\u00f6sung, wo man die Daten mit der Tastatur und schnell eingeben kann und nicht die einzelnen Daten entweder tageweise anklicken oder aus &#8222;pull-down&#8220;-Menus zusammenstellen muss.<\/p>\n<p>Die Eingabe<\/p>\n<p>1.2.2002, 4.2.2002, Familie M\u00fcller<br \/>\n15.4.2003, 20.4.2002, Herr und Frau Huber<\/p>\n<p>ist eine nat\u00fcrliche Eingabe in Textform und einfach lesbar (Startdatum, Enddatum, Kommentar). Zudem kann man die Daten auch so z.B. aus einer Excel-Liste oder einem anderen Programm importieren oder exportieren.<\/p>\n<p>Mit Kopieren\/Ausschneiden (copy\/paste) kann man auch einfach die Daten entweder aus einem vorbereiteten Textfile \u00fcbernehmen oder (als Sicherheitskopie) in ein Textfile \u00fcbernehmen. Damit kann man auch die Online-Zeit kurz halten.<\/p>\n<hr noshade=\"noshade\" size=\"1\" \/>\n<p><a name=\"8\"><\/a><b>8) Ich habe ein Ferienhaus mit mehreren Ferienwohnungen. Kann ich die Belegungspl\u00e4ne aller Wohnungen auf einmal auf einer Seite anzeigen?<\/b><\/p>\n<p>Ja, diese Funktion ist m\u00f6glich. Schauen Sie oben.<\/p>\n<hr noshade=\"noshade\" size=\"1\" \/>\n<p><a name=\"9\"><\/a><b>9) Warum ist am Anreise-\/Abreisetag nicht das ganze Feld rot?<\/b><\/p>\n<p>Am Anreise- und Abreisetag einer Reservation ist nicht das ganze Feld eines Tages rot, weil dies den Tatsachen entspricht: <img loading=\"lazy\" decoding=\"async\" src=\"https:\/\/belegungsplan.com\/userfiles\/image\/an_abreise.gif\" alt=\"\" width=\"118\" height=\"42\" align=\"left\" hspace=\"5\" vspace=\"5\" \/><br \/>\nEs ist ja nicht so, dass das Mietobjekt (z.B. Ferienhaus) ab Mitternacht (=Tagesbeginn) oder bis Mitternacht (=\u00a0Tagesende) zur Verf\u00fcgung steht, sondern erst im Laufe des Tages \u00fcbernommen, respektive zur\u00fcckgegeben wird. Dies wird mit dem schmalen gr\u00fcnen Rand angedeutet.<br \/>\nSomit ist im Beispiel links klar ersichtlich, dass das Objekt bis und mit am Morgen des 14. noch frei ist.<br \/>\nHinweis: In \u00e4lteren Browserversionen wird der gr\u00fcne Rand leider nicht angezeigt.<\/p>\n<p>Sie k\u00f6nnen jedoch Ihren Belegungsplan so einstellen, dass am An- und Abreisetag der rote Teil kleiner ist. F\u00fcgen Sie dem Link zu Ihrem Belegungsplan <a href=\"https:\/\/www.belegungsplan.com\/?id=2&amp;show=m&amp;lang=en\"><span style=\"color: #009900;\">&amp;style=s<\/span><\/a> an.<\/p>\n<p>Beispiel: <a href=\"https:\/\/www.belegungsplan.com\/?id=2&amp;style=s\">https:\/\/www.belegungsplan.com\/?id=2<\/a><a href=\"https:\/\/www.belegungsplan.com\/?id=2&amp;show=m&amp;lang=en\"><span style=\"color: #009900;\">&amp;style=s<\/span><\/a><\/p>\n<p>Somit sieht der Plan so aus:<br \/>\n<img decoding=\"async\" src=\"https:\/\/belegungsplan.com\/userfiles\/image\/style_s.gif\" alt=\"\" \/><\/p>\n<p>Wenn Sie den ganzen Tag <strong>einfarbig<\/strong> (nur gr\u00fcn, rot oder gelb) haben m\u00f6chten, f\u00fcgen Sie dem Link\u00a0<span style=\"color: #009900;\"><a href=\"https:\/\/www.belegungsplan.com\/?id=2&amp;show=m&amp;lang=en&amp;style=d\">&amp;style=d<\/a>\u00a0<\/span>an. Beispiel:\u00a0<a href=\"https:\/\/www.belegungsplan.com\/?id=2&amp;style=d\">https:\/\/www.belegungsplan.com\/?id=2<\/a><span style=\"color: #009900;\"><a href=\"https:\/\/www.belegungsplan.com\/?id=2&amp;show=m&amp;lang=en&amp;style=d\">&amp;style=d<\/a><\/span><\/p>\n<hr noshade=\"noshade\" size=\"1\" \/>\n<p><a name=\"10\"><\/a><b>10) Wie kann ich in meinen Belegungsdaten die \u00dcbersicht besser behalten? <\/b><\/p>\n<p>Sie m\u00fcssen die Eintragungen nicht zwingend unten anf\u00fcgen, sie k\u00f6nnen auch dazwischen neue Zeilen einf\u00fcgen (wie bei einer Textverarbeitung). Auch sind Leerzeilen und Kommentarzeilen m\u00f6glich. Kommentarzeilen m\u00fcssen mit einem &#8222;*&#8220; beginnen und k\u00f6nnen danach einen beliebigen Text enthalten.<br \/>\nSomit k\u00f6nnen sie die Eintragungen beim Eingeben selber gruppieren (beispielsweise nach Jahr, Saison, Monat, etc.) und behalten so die \u00dcbersicht. Die Reihenfolge, wie sie die Reservationen eingeben, spielt aber f\u00fcr Ihren Belegungsplan keine Rolle!<\/p>\n<p>Ein Beispiel: In bestehende Belegungsdaten soll die Reservation vom <span style=\"color: #009900;\"><b>1.12.2010 bis 5.12.2010\u00a0<\/b><\/span>eingef\u00fcgt werden. (Im Beispiel wird diese <span style=\"color: #009900;\">gr\u00fcn <\/span>markiert). Unten finden Sie zwei Beispiele , wobei bei einem Beispiel die M\u00f6glichkeit der Gruppierung und Trennung genutzt wurde.<\/p>\n<table border=\"1\" width=\"90%\" cellspacing=\"0\" cellpadding=\"5\" align=\"center\">\n<tbody>\n<tr align=\"left\" valign=\"top\">\n<td width=\"50%\"><b>Belegungssdaten ungerodnet<br \/>\n<\/b>(schlechte \u00dcbersicht) mit neuer Reservation am Ende<\/td>\n<td width=\"50%\"><b>Belegungssdaten gerordnet <\/b><br \/>\n(bessere \u00dcbersicht) mit neuer Reservation<\/td>\n<\/tr>\n<tr align=\"left\" valign=\"top\">\n<td width=\"50%\">5.10.2010,5.10.2010, Ein Tag<br \/>\n1.1.2010,7.1.2010, Skiferien<br \/>\n30.4.2010,6.5.2010, Klassenlager<br \/>\n18.5.2010,19.5.2010, Weekend<br \/>\n2.6.2010,8.6.2010, Ein Eintrag9.2.2011,22.2.2011, Skilager<br \/>\n1.7.2010,25.7.2010, Klassenlager<br \/>\n1.8.2010,1.8.2010, Sommer-Fest<br \/>\n21.9.2010, 29.9.2010, Weekend<br \/>\n23.12.2010,3.1.2010, Weihnachtsferien<br \/>\n2.2.2011,4.2.2011, Neujahrsparty<br \/>\n<span style=\"color: #009900;\"><b>1.12.2010,5.12.2010, Nikolausfest<\/b><\/span><\/td>\n<td width=\"50%\">* Belegungen ab 2010<\/p>\n<p>1.1.2010,7.1.2010, Skiferien<br \/>\n12.2.2010,24.2.2010, Skiferien<br \/>\n30.4.2010,6.5.2010, Klassenlager<br \/>\n18.5.2010,19.5.2010, Weekend<\/p>\n<p>* Sommer 2010<\/p>\n<p>2.6.2010,8.6.2010, \u00a0Ein Eintrag<br \/>\n1.7.2010,25.7.2010, \u00a0Klassenlager<br \/>\n1.8.2010,1.8.2010, \u00a0 Summerfest<\/p>\n<p>*Herbst 2010<\/p>\n<p>21.9.2010, 29.9.2010, \u00a0 Weekend<br \/>\n5.10.2010,5.10.2010, \u00a0 Ein Tag<br \/>\n<span style=\"color: #009900;\"><b>1.12.2010,5.12.2010, \u00a0 Nikolausfest<\/b><\/span><br \/>\n23.12.2010,3.1.201&#8242;, \u00a0Weihnachtsferien<\/p>\n<p>* Belegungen ab 2002<\/p>\n<p>2.2.2011,4.2.2011, \u00a0Neujahrsparty<br \/>\n9.2.2011,22.2.2011, \u00a0Skilager<\/td>\n<\/tr>\n<\/tbody>\n<\/table>\n<p>&nbsp;<\/p>\n<hr noshade=\"noshade\" size=\"1\" \/>\n<p><a name=\"11\"><\/a><b>11) Ich habe mein Passwort vergessen!<\/b><\/p>\n<p>Wenn Sie dass Passwort vergessen haben, k\u00f6nnen Sie sich dieses <a href=\"https:\/\/www.belegungsplan.com\/vergessen.html\">hier per E-Mail zusenden lassen<\/a>.<br \/>\nWenn Sie nicht mehr wissen, welche E-Mail-Adressen Sie angegeben haben oder andere Probleme haben, wenden Sie sich an <a href=\"mailto:support@belegungsplan.com\">support@belegungsplan.com <\/a><\/p>\n<p>Beachten Sie aber, dass wir Ihnen das Passwort nur dann bekannt geben, wenn wir sicherstellen k\u00f6nnen, dass Sie dazu berechtigt sind!<\/p>\n<hr noshade=\"noshade\" size=\"1\" \/>\n<p><a name=\"12\"><\/a><b>12) Kalendertexte in verschiedenen Sprachen<\/b><\/p>\n<p>Die Kalendertexte (Monatsnamen, Tagesabk\u00fcrzungen, &#8222;frei&#8220;, &#8222;belegt&#8220;, &#8222;nicht verf\u00fcgbar&#8220;) k\u00f6nnen Sie einfach auf verschiedene Sprachen umschalten:<br \/>\nF\u00fcgen Sie dazu einfach <span style=\"color: #009900; font-family: 'Courier New', Courier, mono;\"><b>&amp;lang=xy <\/b><\/span>am Schluss Ihres Linkes hinzu, wobei xy f\u00fcr die gew\u00fcnschte Sprache steht:<\/p>\n<table border=\"1\" cellspacing=\"0\" cellpadding=\"3\">\n<tbody>\n<tr>\n<td><span style=\"color: #009900; font-family: 'Courier New', Courier, mono;\"><b>&amp;lang=en<\/b><\/span><\/td>\n<td>englisch<\/td>\n<\/tr>\n<tr>\n<td><span style=\"color: #009900; font-family: 'Courier New', Courier, mono;\"><b>&amp;lang=fr<\/b><\/span><\/td>\n<td>franz\u00f6sisch<\/td>\n<\/tr>\n<tr>\n<td><span style=\"color: #009900; font-family: 'Courier New', Courier, mono;\"><b>&amp;lang=es<\/b><\/span><\/td>\n<td>spanisch<\/td>\n<\/tr>\n<tr>\n<td><span style=\"color: #009900; font-family: 'Courier New', Courier, mono;\"><b>&amp;lang=it<\/b><\/span><\/td>\n<td>italienisch<\/td>\n<\/tr>\n<tr>\n<td><span style=\"color: #009900; font-family: 'Courier New', Courier, mono;\"><b>&amp;lang=se<\/b><\/span><\/td>\n<td>schwedisch<\/td>\n<\/tr>\n<\/tbody>\n<\/table>\n<p>Beispiele:<\/p>\n<ul>\n<li>Standard (Deutsch): <a href=\"https:\/\/www.belegungsplan.com\/?id=2\">https:\/\/www.belegungsplan.com\/?id=2<\/a><\/li>\n<li>Gleicher Kalender in englisch: <a href=\"https:\/\/www.belegungsplan.com\/?id=2&amp;lang=en\">https:\/\/www.belegungsplan.com\/?id=2<span style=\"color: #009900;\">&amp;lang=en<\/span><\/a><\/li>\n<li>Gleicher Kalender in franz\u00f6sisch: <a href=\"https:\/\/www.belegungsplan.com\/?id=2&amp;lang=fr\">https:\/\/www.belegungsplan.com\/?id=2<span style=\"color: #009900;\">&amp;lang=fr<\/span><\/a><\/li>\n<li>Gleicher Kalender in spanisch: <a href=\"https:\/\/www.belegungsplan.com\/?id=2&amp;lang=es\">https:\/\/www.belegungsplan.com\/?id=2<span style=\"color: #009900;\">&amp;lang=es<\/span><\/a><\/li>\n<li>Gleicher Kalender in italienisch: <a href=\"https:\/\/www.belegungsplan.com\/?id=2&amp;lang=it\">https:\/\/www.belegungsplan.com\/?id=2<span style=\"color: #009900;\">&amp;lang=it<\/span><\/a><\/li>\n<li>Die Anzeige eines Monatskalenders in beispielsweise Englisch erfolgt identisch: <a href=\"https:\/\/www.belegungsplan.com\/?id=2&amp;show=m&amp;lang=en\">https:\/\/www.belegungsplan.com\/?id=2&amp;show=m<span style=\"color: #009900;\">&amp;lang=en<\/span><\/a><\/li>\n<\/ul>\n<p>Die \u00fcbrigen Texte im Kalender (Titel, Beschreibung, etc.) k\u00f6nnen Sie ja selber definieren.<br \/>\nSie k\u00f6nnen so auf Ihrer Webseite auch mehrere Links auf <b>denselben<\/b> Kalender, jedoch mit unterschiedlichen Sprachen, anbringen.<\/p>\n<hr noshade=\"noshade\" size=\"1\" \/>\n<p><a name=\"13\"><\/a><b>13) Probleme bei der Darstellung<\/b><\/p>\n<p>Wenn der Belegungsplan bei Ihnen nicht richtig dargestellt wird (z.B. die Farben gr\u00fcn\/rot fehlen), liegt das daran, dass Sie eine alte Browserversion benutzen (d.h. das Programm, mit welchem Sie Internetseiten abrufen).<\/p>\n<p>Der Belegungsplan benutzt die sogennte CCS-Technik f\u00fcr die Darstellung. Wir haben uns bem\u00fcht, das der Belegungsplan auch mit m\u00f6glichst &#8222;alten&#8220; Browser funktioniert, aber irgendwo gibt es eine Grenze.<br \/>\nWir haben den Belegungsplan mit folgenden Browsern erfolgreich getestet und geben diese deshalb als &#8222;Minimal-Version&#8220; an.<\/p>\n<table border=\"1\" width=\"80%\" cellspacing=\"0\" cellpadding=\"3\">\n<tbody>\n<tr>\n<td><b>Minimal-Browserversion<\/b><\/td>\n<td><b>Adresse zum Bezug einer neuen Browser-Version<\/b><\/td>\n<\/tr>\n<tr>\n<td>Firefox \/ Mozilla<\/td>\n<td><a href=\"http:\/\/www.mozilla.com\/\" target=\"_blank\" rel=\"noopener\">http:\/\/www.mozilla.com\/<\/a><\/td>\n<\/tr>\n<tr>\n<td>Netscape\u00ae Communicator<\/td>\n<td><a href=\"http:\/\/www.netscape.de\/download\" target=\"_blank\" rel=\"noopener\">http:\/\/www.netscape.de\/download<\/a><\/td>\n<\/tr>\n<tr>\n<td>Internet Explorer<\/td>\n<td><a href=\"http:\/\/www.microsoft.com\/germany\/\" target=\"_blank\" rel=\"noopener\">http:\/\/www.microsoft.com\/germany\/<\/a><\/td>\n<\/tr>\n<tr>\n<td>Opera<\/td>\n<td><a href=\"http:\/\/www.opera.com\/download\/\" target=\"_blank\" rel=\"noopener\">http:\/\/www.opera.com\/download\/<\/a><\/td>\n<\/tr>\n<tr>\n<td>Safari (Macintosh)<\/td>\n<td><a href=\"http:\/\/www.apple.com\/de\/macosx\/features\/safari\/\">http:\/\/www.apple.com\/de\/macosx\/features\/safari\/<\/a><\/td>\n<\/tr>\n<\/tbody>\n<\/table>\n<p>Nicht zuletzt auch aus allgemeinen Sicherheits\u00fcberlegungen beim Internetgebrauch empfiehlt es sich, eine aktuelle Version eines Browsers einzusetzen, zumal diese kostenlos verf\u00fcgbar sind.<\/p>\n<hr noshade=\"noshade\" size=\"1\" \/>\n<p><a name=\"14\"><\/a><b>14) Anzeige der Belegungs-Statistik in der Jahres\u00fcbersicht<\/b><\/p>\n<p>Sich k\u00f6nnen in der Jahresansicht eine einfache Statistik anzeigen lassen. Angezeigt werden die Anzahl belegter Tage und N\u00e4chte. F\u00fcgen Sie dazu einfach <span style=\"color: #009900; font-family: 'Courier New', Courier, mono;\"><b>&amp;stat=1 <\/b><\/span>am Schluss Ihres Linkes hinzu.<\/p>\n<p>Beispiel: <a href=\"https:\/\/www.belegungsplan.com\/?id=2&amp;stat=1\">https:\/\/www.belegungsplan.com\/?id=2&amp;stat=1<\/a><\/p>\n<p>Hinweis: Die Tage und N\u00e4chte die als &#8222;nicht verf\u00fcgbar&#8220; markiert sind, werden nicht mitgez\u00e4hlt.<\/p>\n<hr noshade=\"noshade\" size=\"1\" \/>\n<p><a name=\"15\"><\/a><b>15) Probleme beim Drucken (Internet Explorer)<\/b><\/p>\n<p>Problem: Beim Ausdrucken eines Belegungsplanes mit dem Internet Explorer werden die Farben nicht gedruckt.<\/p>\n<p>L\u00f6sung: Der Belegungsplan nutzt Hintergrundfarben f\u00fcr die die Darstellung. Beim Internet Explorer kann man einstellen, ob Hintergrundfarben gedruckt werden sollen oder nicht. Meist ist diese Option standardm\u00e4ssig deaktiviert. Dies kann man unter Extras -&gt; Internetoptionen des Browsers \u00e4ndern .<\/p>\n<hr noshade=\"noshade\" size=\"1\" \/>\n<a name=\"16\"><\/a><b>16) Beschr\u00e4nkung der Anzeige auf Anzahl Jahre in Zukunft<\/b><\/p>\n<p>Sie k\u00f6nnen definieren, wieviele Jahre in Zukunft der Kalender angezeigt werden soll.<br \/>\nF\u00fcgen Sie dazu ihre Link \u00a0\u00a0<b>&amp;maxyears=4 \u00a0 \u00a0<\/b>hinzu (in diesem Fall max. 4 Jahres).\u00a0Beispiel:\u00a0: <a href=\"https:\/\/www.belegungsplan.com\/?id=2&amp;maxyears=4\" target=\"_blank\" rel=\"noopener\">https:\/\/www.belegungsplan.com\/?id=2<\/a><a href=\"https:\/\/www.belegungsplan.com\/?id=2&amp;show=m&amp;lang=en\"><span style=\"color: #009900;\">&amp;maxyears=4<\/span><\/a><\/p>\n","protected":false},"excerpt":{"rendered":"<p>1) Ich m\u00f6chte noch eine Kategorie &#8222;nicht verf\u00fcgbar&#8220; oder &#8222;provisorisch belegt&#8220; haben. Geht das? Ja, dies ist m\u00f6glich: Geben Sie anstelle eines Kommentars in Ihren Reservationsdaten &#8222;&#8212;&#8220; (3 x &#8222;minus&#8220;) ein. Beispiel: &#8230; 14.12.2002,31.12.2002, Familie M\u00fcller 8.5.2004, 17.5.2004, &#8212; &#8230; In diesem Fall ist das Objekt vom 8.5.2004 bis am 17.5.2002 nicht verf\u00fcgbar und erscheint &hellip; <a href=\"https:\/\/belegungsplan.com\/plus\/175-2\/faq-support\/\" class=\"more-link\"><span class=\"screen-reader-text\">\u201eFAQ, Tipps &#038; Support\u201c <\/span>weiterlesen<\/a><\/p>\n","protected":false},"author":1,"featured_media":0,"parent":175,"menu_order":6,"comment_status":"closed","ping_status":"closed","template":"","meta":{"footnotes":""},"class_list":["post-327","page","type-page","status-publish","hentry"],"_links":{"self":[{"href":"https:\/\/belegungsplan.com\/plus\/wp-json\/wp\/v2\/pages\/327","targetHints":{"allow":["GET"]}}],"collection":[{"href":"https:\/\/belegungsplan.com\/plus\/wp-json\/wp\/v2\/pages"}],"about":[{"href":"https:\/\/belegungsplan.com\/plus\/wp-json\/wp\/v2\/types\/page"}],"author":[{"embeddable":true,"href":"https:\/\/belegungsplan.com\/plus\/wp-json\/wp\/v2\/users\/1"}],"replies":[{"embeddable":true,"href":"https:\/\/belegungsplan.com\/plus\/wp-json\/wp\/v2\/comments?post=327"}],"version-history":[{"count":10,"href":"https:\/\/belegungsplan.com\/plus\/wp-json\/wp\/v2\/pages\/327\/revisions"}],"predecessor-version":[{"id":377,"href":"https:\/\/belegungsplan.com\/plus\/wp-json\/wp\/v2\/pages\/327\/revisions\/377"}],"up":[{"embeddable":true,"href":"https:\/\/belegungsplan.com\/plus\/wp-json\/wp\/v2\/pages\/175"}],"wp:attachment":[{"href":"https:\/\/belegungsplan.com\/plus\/wp-json\/wp\/v2\/media?parent=327"}],"curies":[{"name":"wp","href":"https:\/\/api.w.org\/{rel}","templated":true}]}}