{"id":285,"date":"2018-03-25T10:47:41","date_gmt":"2018-03-25T10:47:41","guid":{"rendered":"https:\/\/belegungsplan.com\/plus\/?page_id=285"},"modified":"2018-03-25T11:43:45","modified_gmt":"2018-03-25T11:43:45","slug":"hjaelp","status":"publish","type":"page","link":"https:\/\/belegungsplan.com\/plus\/svensk\/hjaelp\/","title":{"rendered":"Hj\u00e4lp"},"content":{"rendered":"<div id=\"mainwrapper\">\n<div id=\"main\">\n<div id=\"content\">\n<h2><b>B\u00e4dda in bokningkalendern i din egen hemsida<\/b><\/h2>\n<\/div>\n<\/div>\n<\/div>\n<div id=\"mainwrapper\">\n<div id=\"main\">\n<div id=\"content\">\n<p>N\u00e4r du har skapat en bokningskalender, f\u00e5r den en egen l\u00e4nk som syns p\u00e5 mallen, den ser ut s\u00e5 h\u00e4r t ex:<\/p>\n<ul>\n<li><a href=\"http:\/\/www.belegungsplan.com\/?id=1&amp;lang=se\">http:\/\/www.belegungsplan.com\/?id=1&amp;lang=se<\/a>\u00a0f\u00f6r <b><b>\u00e5rs\u00f6versikten<\/b><\/b><\/li>\n<li><a href=\"http:\/\/www.belegungsplan.com\/?show=m&amp;id=2&amp;lang=se\">http:\/\/www.belegungsplan.com\/?show=m&amp;id=1&amp;lang=se<\/a>\u00a0f\u00f6r <strong>m\u00e5nads\u00f6versikten.<\/strong><\/li>\n<\/ul>\n<p>Din egen l\u00e4nk har id-nummret som motsvarar ditt eget objekt, och du hittar nummret och l\u00e4nken n\u00e4r du har loggat i p\u00e5\u00a0www.belegungsplan.com hos dina respektive objekt.\u00a0Du kan klistra i l\u00e4nken i din HTML-editor.<\/p>\n<p><b>Variant 1: Bokningskalendern \u00f6ppnas i samma ruta d\u00e4r l\u00e4nken \u00e4r:<\/b><\/p>\n<table border=\"1\" cellspacing=\"0\" cellpadding=\"5\">\n<tbody>\n<tr>\n<td><span style=\"color: #336600;\">&lt;a href=&#8220;http:\/\/www.belegungsplan.com\/?id=1&amp;lang=se&gt;bokningskalender&lt;\/a&gt;<\/span><\/td>\n<\/tr>\n<\/tbody>\n<\/table>\n<p>S\u00e5 h\u00e4r ser resultatet ut: <a href=\"http:\/\/www.belegungsplan.com\/?id=1&amp;lang=se\">bokningskalender<\/a><a href=\"https:\/\/belegungsplan.com\/hilfe_sv#top\"><br \/>\n<\/a><\/p>\n<hr noshade=\"noshade\" size=\"1\" \/>\n<p><b>Variant 2: Bokningskalendern \u00f6ppnas i ny sida:<\/b><\/p>\n<table border=\"1\" cellspacing=\"0\" cellpadding=\"5\">\n<tbody>\n<tr>\n<td><span style=\"color: #336600;\">&lt;a href=&#8220;http:\/\/www.belegungsplan.com\/?id=1&amp;lang=se\u00a0<b>target=&#8220;_blank&#8220; <\/b>&gt;bokningskalender&lt;\/a&gt;<\/span><\/td>\n<\/tr>\n<\/tbody>\n<\/table>\n<p>S\u00e5 h\u00e4r ser resultatet ut:: <a href=\"http:\/\/www.belegungsplan.com\/?id=1&amp;lang=se\" target=\"_blank\" rel=\"noopener\">bokningskalender<\/a><a href=\"https:\/\/belegungsplan.com\/hilfe_sv#top\"><br \/>\n<\/a><\/p>\n<hr noshade=\"noshade\" size=\"1\" \/>\n<p><b>Variant 3: Visa flera bokningskalender samtidigt:<\/b><\/p>\n<p>Variant 3a (<b>m\u00e5nads\u00f6versikt lista<\/b>):\u00a0Skriv \u00f6nskade objektets nummer separerad med kommata (efter &#8222;list=&#8220;):<\/p>\n<table border=\"1\" cellspacing=\"0\" cellpadding=\"5\">\n<tbody>\n<tr>\n<td><span style=\"color: #336600;\">&lt;a href=&#8220;http:\/\/www.belegungsplan.com\/?<b>show=l&amp;lang=selist=2,4,271<\/b>&#8222;&gt;bokningskalender&lt;\/a&gt;<\/span><\/td>\n<\/tr>\n<\/tbody>\n<\/table>\n<p>S\u00e5 h\u00e4r ser resultatet ut: <a href=\"http:\/\/www.belegungsplan.com\/?show=l&amp;lang=se&amp;list=2,4,271\" target=\"_blank\" rel=\"noopener\">bokningskalender som lista<\/a><\/p>\n<p>Variante 3b (<b>\u00e5rs\u00f6versikt lista<\/b>):\u00a0Skriv \u00f6nskade objektets nummer separerad med kommata (efter &#8222;id=&#8220;):<\/p>\n<table border=\"1\" cellspacing=\"0\" cellpadding=\"5\">\n<tbody>\n<tr>\n<td><span style=\"color: #336600;\">&lt;a href=&#8220;http:\/\/www.belegungsplan.com\/?id=<b>1,4<\/b>&amp;lang=se&gt;bokningskalender&lt;\/a&gt; <\/span><\/td>\n<\/tr>\n<\/tbody>\n<\/table>\n<p>S\u00e5 h\u00e4r ser resultatet ut: <a href=\"http:\/\/www.belegungsplan.com\/?id=1,4&amp;lang=se\" target=\"_blank\" rel=\"noopener\">flera bokningskalender<\/a><\/p>\n<hr noshade=\"noshade\" size=\"1\" \/>\n<p><b>Variante 4: Bokningskalendern visas p\u00e5 din egen webbsida (embedded)<\/b><\/p>\n<table border=\"1\" cellspacing=\"0\" cellpadding=\"5\">\n<tbody>\n<tr>\n<td><span style=\"color: #336600;\">&lt;iframe src=&#8220;http:\/\/www.belegungsplan.com\/?show=m&amp;id=1&#8243; border=0 scrolling=no width=&#8220;200&#8243; height=&#8220;220&#8243; name=&#8220;bokningskalender&#8220;&gt;<br \/>\n&lt;p&gt;Your browser does not support embedded frames You can find the booking calendar here:<br \/>\n&lt;a href=&#8220;http:\/\/www.belegungsplan.com\/?show=m&amp;id=1&amp;lang=se&#8220;&gt; m\u00e5nads\u00f6versikten &lt;\/a&gt;&lt;\/p&gt;<br \/>\n&lt;\/iframe&gt;<\/span><\/td>\n<\/tr>\n<\/tbody>\n<\/table>\n<p>S\u00e5 h\u00e4r ser resultatet ut:<\/p>\n<p><iframe loading=\"lazy\" src=\"http:\/\/www.belegungsplan.com\/?show=m&amp;id=1\" name=\"bokningskalender\" width=\"200\" height=\"220\" scrolling=\"no\">Your browser does not support embedded frames You can find the booking calendar here:<br \/>\n<a href=\"http:\/\/www.belegungsplan.com\/?show=m&amp;id=1&amp;lang=se\"> m\u00e5nads\u00f6versikten <\/a>&nbsp;<\/p>\n<p><iframe loading=\"lazy\" src=\"http:\/\/www.belegungsplan.com\/?show=m&amp;id=1\" border=\"0\" scrolling=\"no\" width=\"200\" height=\"220\" name=\"bokningskalender\">\u00a0<\/iframe><\/p>\n<p>Your browser does not support embedded frames You can find the booking calendar here:<br \/>\n<a href=\"http:\/\/www.belegungsplan.com\/?show=m&amp;id=1&amp;lang=se\"> m\u00e5nads\u00f6versikten <\/a><\/p>\n<p>&nbsp;<\/p>\n<p><\/iframe><\/p>\n<hr noshade=\"noshade\" size=\"1\" \/>\n<p>&gt;&gt; \u00a0<a href=\"https:\/\/belegungsplan.com\/plus\/175-2\/faq-support\/\">FAQ, tipps<\/a><\/p>\n<p>&nbsp;<\/p>\n<\/div>\n<\/div>\n<\/div>\n<div id=\"bottomwrapper\">\n<div id=\"bottom\">\n<table border=\"0\" width=\"100%\" cellspacing=\"0\" cellpadding=\"3\">\n<tbody>\n<tr>\n<td bgcolor=\"#99CCFF\">\n<div align=\"center\">| <a href=\"http:\/\/www.belegungsplan.com\/\">www.belegungsplan.com<\/a><b> <\/b>| <b>E-Mail: <\/b><a href=\"mailto:info@belegungsplan.com\">info@belegungsplan.com<\/a> |<\/div>\n<\/td>\n<\/tr>\n<\/tbody>\n<\/table>\n<\/div>\n<\/div>\n","protected":false},"excerpt":{"rendered":"<p>B\u00e4dda in bokningkalendern i din egen hemsida N\u00e4r du har skapat en bokningskalender, f\u00e5r den en egen l\u00e4nk som syns p\u00e5 mallen, den ser ut s\u00e5 h\u00e4r t ex: http:\/\/www.belegungsplan.com\/?id=1&amp;lang=se\u00a0f\u00f6r \u00e5rs\u00f6versikten http:\/\/www.belegungsplan.com\/?show=m&amp;id=1&amp;lang=se\u00a0f\u00f6r m\u00e5nads\u00f6versikten. Din egen l\u00e4nk har id-nummret som motsvarar ditt eget objekt, och du hittar nummret och l\u00e4nken n\u00e4r du har loggat i p\u00e5\u00a0www.belegungsplan.com &hellip; <a href=\"https:\/\/belegungsplan.com\/plus\/svensk\/hjaelp\/\" class=\"more-link\"><span class=\"screen-reader-text\">\u201eHj\u00e4lp\u201c <\/span>weiterlesen<\/a><\/p>\n","protected":false},"author":1,"featured_media":0,"parent":257,"menu_order":2,"comment_status":"closed","ping_status":"closed","template":"","meta":{"footnotes":""},"class_list":["post-285","page","type-page","status-publish","hentry"],"_links":{"self":[{"href":"https:\/\/belegungsplan.com\/plus\/wp-json\/wp\/v2\/pages\/285","targetHints":{"allow":["GET"]}}],"collection":[{"href":"https:\/\/belegungsplan.com\/plus\/wp-json\/wp\/v2\/pages"}],"about":[{"href":"https:\/\/belegungsplan.com\/plus\/wp-json\/wp\/v2\/types\/page"}],"author":[{"embeddable":true,"href":"https:\/\/belegungsplan.com\/plus\/wp-json\/wp\/v2\/users\/1"}],"replies":[{"embeddable":true,"href":"https:\/\/belegungsplan.com\/plus\/wp-json\/wp\/v2\/comments?post=285"}],"version-history":[{"count":5,"href":"https:\/\/belegungsplan.com\/plus\/wp-json\/wp\/v2\/pages\/285\/revisions"}],"predecessor-version":[{"id":339,"href":"https:\/\/belegungsplan.com\/plus\/wp-json\/wp\/v2\/pages\/285\/revisions\/339"}],"up":[{"embeddable":true,"href":"https:\/\/belegungsplan.com\/plus\/wp-json\/wp\/v2\/pages\/257"}],"wp:attachment":[{"href":"https:\/\/belegungsplan.com\/plus\/wp-json\/wp\/v2\/media?parent=285"}],"curies":[{"name":"wp","href":"https:\/\/api.w.org\/{rel}","templated":true}]}}